 derivative of -5*o**4/12 - o**3/6 - 2*o**2. Calculate t(-1).
9
Let i(x) = x**3 - 2*x**2 + 7*x + 2. Let p(o) = -3*o**3 + 3*o**2 - 14*o - 3. Let z(j) = -5*i(j) - 2*p(j). Calculate z(-5).
6
Suppose u = 3*u - 4*a - 78, -3*a + 234 = 5*u. Suppose 2*p = -3*p + u. Let l(d) = -d - p*d**2 + 3 - 3. Calculate l(-1).
-8
Let b(n) = 7*n + 5. Let p(g) = -14*g - 11. Let m(l) = -9*b(l) - 4*p(l). Give m(-1).
6
Suppose -4 = -4*z - 4*m, 2*z - m + 0*m - 8 = 0. Let k(f) = -3*f**2 + z + 0 + 1 - 3 - f. Give k(-2).
-9
Let w be (-14)/49 - (-4)/14. Let m(j) = -j + 8. Calculate m(w).
8
Let b(m) = m**2 - 9*m + 8. Let q(i) = -1. Let j = -15 - -13. Let v(w) = j*q(w) + b(w). Determine v(7).
-4
Let k be ((-3)/(-4))/1*-4. Let j(o) be the first derivative of -o - 1 - 3*o - 4*o**2 + 3*o**2. Give j(k).
2
Let t(l) = -9*l - 32 - l + 34. Give t(2).
-18
Suppose 2*n + 3*v = 5*n, 4*n + 2*v - 18 = 0. Let w(i) = -i**n + 10*i**2 - 3*i**2 - 2*i**2 - 2*i. What is w(4)?
8
Let t(r) = 1366*r + 2*r**2 - 3 + 2*r**2 - 1364*r - r**2. What is t(2)?
13
Let u(b) = -2*b**3 - b + 3*b**3 + 13 - 2*b**3 + 3. Calculate u(0).
16
Suppose k = -3*i - 2 - 2, 4*i = 2*k - 22. Let x(p) = 3*p + 3*p**2 - k*p - 2*p + p - 2*p**3. Give x(2).
-10
Let y(d) = 2*d + 3. Let f be (-6)/2*8/(-3). Let v be f/(-3)*(-3)/(-2). Determine y(v).
-5
Let h(x) = 8*x - 4*x + 1 + 60*x**3 - 5*x**2 + 0 - 59*x**3. Give h(4).
1
Let a(x) be the second derivative of 0*x**2 + 0 - 2/3*x**3 - 1/20*x**5 + x - 5/12*x**4. Calculate a(-4).
0
Let y(l) be the second derivative of l**4/12 + 7*l**3/6 - l**2/2 - l. Let b be 0 - (2 - -1) - 3. Give y(b).
-7
Let l(q) = -q**3 - 4*q**2 - 5. Let f be (-10 + 8)/(2/4). What is l(f)?
-5
Let g be (16/(-4) - -2) + 5. Let b(k) = -2*k**2 + k + 4. What is b(g)?
-11
Let s(t) be the first derivative of 1/4*t**4 + 1/3*t**3 - t + 1 + t**2. Suppose 0 = 4*b - 2*b + 4. Give s(b).
-9
Let d(q) = -2*q**2 + 17*q - 5. Let l(h) = -3*h**2 + 26*h - 7. Let o(k) = 8*d(k) - 5*l(k). Determine o(5).
0
Let s(a) = -a**2 - 2*a + 1. Let o = 5 + -2. Suppose -o*c - 2 = n, 0*n + n = -5*c. Calculate s(c).
-2
Let f be -1*(-2 - (-3 - -3)). Suppose -f*g = g. Let j(t) = -t - 4. Give j(g).
-4
Let m(c) = 2*c - 4. Let s be m(4). Let v(u) be the third derivative of -3*u**2 + 0*u + 0 + 4/3*u**3 - 1/24*u**s. Calculate v(0).
8
Let m(f) = -5*f**2 + 3*f - 4 + f**3 + 7 + 6*f**2. Let b = -3 - -5. Suppose -5*j = -3*j - 5*t - 6, j = -b*t - 6. What is m(j)?
-7
Let f(c) = -c**3 + 5*c**3 + 4*c**2 - 3*c**3 - 5*c. Let q be f(-5). Let n(h) = -h + 10. Calculate n(q).
10
Let h(u) = -u. Let t(r) = -r**2 + 4*r - 15. Let y(d) = 4*h(d) - t(d). Let p be y(6). Let i(g) = g**2 - 2*g + 3. Calculate i(p).
6
Suppose 3*b + 5*y + 29 - 3 = 0, 2*b - 16 = 5*y. Let j(h) = 7*h + 3. Determine j(b).
-11
Let c(x) be the first derivative of -3*x**2 - 47. Suppose g = -4*g + 20. Suppose -g*o - 2 = -6*o. Give c(o).
-6
Let m(s) = s - 19. Suppose 3*c + 4*v = 5 + 3, 2*c - 5*v = -10. Calculate m(c).
-19
Let u(x) be the third derivative of x**5/20 - x**4/24 + 39*x**2. What is u(1)?
2
Let p(s) be the third derivative of s**6/120 + 2*s**5/15 + 3*s**4/8 + 3*s**3/2 - 16*s**2. Determine p(-7).
-5
Let w(i) = 0 - 5 + 3 + i + 6. Let h = 5 + -9. Determine w(h).
0
Let j(v) = -v**2 - v - 1. Suppose g + 5 = 2*s, -2*g - 20 = s + 2*g. Determine j(s).
-1
Let g(k) = 3*k**2 + 2 + 10*k**3 + k + 2 - 9*k**3. Determine g(-3).
1
Suppose -3*z + 3 = -2*z. Let o(l) = 4*l**3 + 7*l**2 - 3*l + 4. Let m(x) = 7*x**3 + 13*x**2 - 5*x + 8. Let c(f) = z*m(f) - 5*o(f). Give c(-4).
4
Let o(h) = -h**2 + 4. Let f = 4 + -3. Let k = 14 + -6. Let a be 12/k*(-2)/f. Give o(a).
-5
Let c(k) = 3*k**3 + 4*k**3 + 9 + k**2 - 6*k**3. Suppose -h = 2*h. Determine c(h).
9
Let r(s) = s**2 + 3*s - 3. Let w be r(-5). Let t = 3 - w. Let o(n) be the second derivative of n**3/6 - n**2/2 - 15*n. Give o(t).
-5
Suppose -b = -3 + 1. Let f(x) = 6*x**2 + 1 - 3 + b*x + 1 + 0*x. Determine f(1).
7
Let q = 11 + -14. Let w(x) = 3*x - 3. Calculate w(q).
-12
Let m(d) be the first derivative of 5/6*d**3 - 5*d - 1/12*d**4 - 2*d**2 - 2. Let r(z) be the first derivative of m(z). Calculate r(4).
0
Let o(d) be the second derivative of d**5/20 + d**4 + 5*d**3/3 - 11*d**2/2 + 3*d + 11. Give o(-11).
0
Let l(m) = m - 2. Let g be l(9). Suppose -5*c + g = -q, 3*q - 4 - 13 = -4*c. Let t(s) = s + 2. Determine t(q).
5
Let r(g) = 6*g + 5*g**2 - 6*g**2 + 2*g**2 - 6. Let m(c) = 7*c + 36. Let i be m(-6). Give r(i).
-6
Let d be (-15)/5 - 1 - -1. Let o(g) = -7*g - 1. Calculate o(d).
20
Let u(w) = -3*w**2 + w + 1. Suppose 3*c + 8 = -10. Let o be 4/c*(2 + 1). Give u(o).
-13
Suppose 0 = d + d + 12. Let r(m) = m**3 + 7*m**2 + 5*m - 3. Let o be r(d). Let z(x) = 2 + 6*x - 3*x - x**3 + 2*x**2 - 2*x. Calculate z(o).
-4
Let i(o) = 22 - 19 + 0*o**2 + o**2 - o - 7*o. Suppose 3 = -l + 8. Calculate i(l).
-12
Let b(d) be the first derivative of d**2/2 - 12*d + 6. Determine b(0).
-12
Suppose 3*x = -14 + 47. Suppose 2*l = -5*u - 6, -3*u - 4*l - 1 = x. Suppose 4*d - 2*p = u, 2*d - 2 - 6 = -p. Let s(h) = -3*h + 3. What is s(d)?
-3
Let x(b) = -b + 9. Let o be x(7). Let n be 6/(-4)*2 + 5. Let v(q) = 0*q**n - q**2 - q**3 - 2 + 2*q**3 + 3*q**2. Calculate v(o).
14
Let r(i) be the second derivative of -i**5/20 - i**4/4 + i**3/6 - 10*i. Give r(-4).
12
Suppose 2*j - 4*v - 22 = 0, -2*j - j - 5*v + 11 = 0. Let m(g) = -g**3 + 8*g**2 - 5*g - 9. Calculate m(j).
5
Let x(i) = i**3 + 7*i**2 + 9. Suppose -6*v + 2*v = 28. Let n be x(v). Let u(m) = -m + 8. Let k be u(n). Let z(b) = -b**2 + 1. What is z(k)?
0
Let j(z) = z**3 + 5*z**2 + z + 1. Let s(f) = -f**2 + 6*f - 10. Let c be s(2). Determine j(c).
11
Suppose f + 4 = 3*f. Let q be (-6)/(-3) + f + 0. Let p(n) = -2*n**2 - n**2 - 4 + 2*n**2 + 6*n. Calculate p(q).
4
Let g(f) = -f**3 - 12*f**2 - 10*f + 14. Let t be g(-11). Let q(b) = -b**3 + 3*b**2 + 3*b - 2. Calculate q(t).
7
Let a(j) = -j**3 - 4*j**2 + 3*j - 2. Let l(y) = y**3 + 3*y**2 - 3*y + 1. Let z(k) = -4*a(k) - 5*l(k). Determine z(3).
-6
Let d(q) = -3*q**2 + q + 1. Let s(l) = -16*l**2 + 6*l + 4. Let w(z) = 11*d(z) - 2*s(z). Calculate w(3).
-9
Let i be (-13)/5 - 6/15. Let v(l) = -1 + 35*l + l**2 + 0*l**2 - 56*l + 26*l. What is v(i)?
-7
Let i = 0 + 0. Suppose 0 = 2*x + 3*m - 56, 7 + 3 = -5*m. Let y(c) = 1 - 32*c + x*c - 1. What is y(i)?
0
Let i(j) = -3*j**3 + 11*j**2 - 11*j + 2*j**3 + 2*j**3 + 5 - 2*j**3. Determine i(10).
-5
Let p(t) be the first derivative of 2 + 1/2*t**2 + 0*t - 1/24*t**4 + 0*t**3 + 1/6*t**5. Let j(y) be the second derivative of p(y). What is j(1)?
9
Let o(n) = -n - 5. Let a be o(-7). Suppose -d = -a*d. Let y(c) be the third derivative of c**4/24 - c**3/6 + 2*c**2. What is y(d)?
-1
Let a(r) be the second derivative of r**5/20 - r**4/3 + 3*r**2/2 + 4*r. Let p(g) = -g**3 + 4*g**2 - 3. Let m(c) = -4*a(c) - 5*p(c). Determine m(3).
-6
Let q(u) = -u**2 + 5*u + 9. Suppose 0 = 14*g - 16 - 82. Calculate q(g).
-5
Let z be 9/27*(18 - 0). Let t(d) = 11*d - 3 - 13*d + 7. Determine t(z).
-8
Let c(v) = 5*v**2 - 1. Suppose -2*a - 5 = 3*y - 0, 5*y = -2*a - 11. Suppose -3*f = a*f - 5. Give c(f).
4
Let z(m) = 13*m**3 + 9*m**2 - 17. Let f(w) = -3*w**3 - 2*w**2 + 4. Suppose 0 = 3*o - 5 - 1. Let y(c) = o*z(c) + 9*f(c). Calculate y(0).
2
Suppose 2*o - 1 - 13 = 0. Let h be (2/7)/(1/o). Let w(t) be the second derivative of -t**5/20 + t**4/6 - t**3/2 + t**2 + t. Determine w(h).
-4
Let b = 9 - 7. Let x(m) be the second derivative of 3*m - 7/2*m**b + 0 - 1/3*m**3 + 1/12*m**4. Give x(5).
8
Let f(k) be the second derivative of -k**5/20 - k**4/6 - k**3/2 - k**2 - 4*k. Calculate f(-2).
4
Let b(t) = 7*t**2 - 1. Let l be 5*2/(-6)*-3. Suppose l = o + 1. Suppose 0 = -o*d + n, 2*d - 6*n + 18 = -n. Determine b(d).
6
Suppose -2*v + 0 = 24. Let k = v + 7. Let d(a) = -2*a + 8 - a + 4*a. Give d(k).
3
Let w(v) be the first derivative of -v**4/12 - v**3/2 + 7*v**2/2 + 3*v - 5. Let b(h) be the first derivative of w(h). Suppose 0 = t + 3*t + 20. Determine b(t).
-3
Let b(y) be the first derivative of -y**3/3 - 2*y**2 + 1. Let m be (55/44)/(39/(-12) - -3). What is b(m)?
-5
Let r(k) = 4*k**2 + 2*k + 1. Let j = 12 - 13. Calculate r(j).
3
Let w(m) be the third derivative of -m**6/120 + m**5/10 - m**4/4 + m**3/2 + m**2. Let z be 2*(-1)/(-4)*(-10 + 20). Determine w(z).
-2
Let a(z) = -8*z**2 - z - 8. Let j(r) = -7*r**2 - 8. Let l(x) = 6*a(x) - 7*j(x). De